40/(-12). Let s(o) = -o**2 + 19*o + 7. What is the remainder when s(i) is divided by 14?
11
Suppose -s - 5*b = 5, 183*s = 186*s - 3*b - 39. What is the remainder when 2/2 + 21*2 is divided by s?
3
Calculate the remainder when (-8 + (-287)/(-28))*32/3 is divided by 14.
10
Suppose 16 = 4*f - 4*i, 5 = 2*f + 2*i - 3. Let s(q) = 2*q**2 - 4*q. Let c = -53 - -84. What is the remainder when c is divided by s(f)?
15
Let z = 12 - 4. Let w(f) be the first derivative of -f**3/3 + 5*f**2 - 2*f + 1. Calculate the remainder when 39 is divided by w(z).
11
Suppose -105 = 149*l - 156*l. What is the remainder when 45 is divided by l?
0
Suppose 7*y = 12*y - 150. Calculate the remainder when y is divided by 15.
0
Suppose 3*d = -i + 53, -3*i + 7*i = -3*d + 176. Let f = -37 + i. Calculate the remainder when 10 is divided by f.
2
Let a(z) = z**3 - 5*z**2 + 5*z + 4. Let w be a(4). Let l = w - 4. Let j(f) = -5*f - 35. What is the remainder when j(-8) is divided by l?
1
Let d = -1065 + 1249. What is the remainder when d is divided by 31?
29
Let x(g) = -3*g**2 - 22*g + 14. Let q(a) = 16*a**2 + 111*a - 71. Let f(o) = -2*q(o) - 11*x(o). What is the remainder when 68 is divided by f(-21)?
5
Let w(z) = -z + 14. Let v be w(12). Let s(k) = k**3 - 6*k**2 - 6*k + 5. Calculate the remainder when s(7) is divided by (10/(-2))/(v/(-2)).
2
Let d(w) = -w**3 + w**2 + w - 1. Calculate the remainder when (18/12 - 2)*(0 + -442) is divided by d(-3).
29
Let p(s) = -5*s - 3*s + 2*s**2 - 11*s**2 + 2*s - 7 + s**3. Let q be p(10). Suppose -4*b + 177 = q. What is the remainder when b is divided by 13?
10
Let m(t) = -t**2 - 7*t - 8. Calculate the remainder when 174 is divided by m(-4).
2
Let r(i) = -3*i - 24. Suppose 7 = -z - 10. What is the remainder when ((-159)/(-2))/(3/4) is divided by r(z)?
25
Suppose -2*g = g + 9. Calculate the remainder when 34 is divided by (3 - -13)*g/(-4).
10
Let y = -3 - -3. Suppose y = -3*j - 1 - 5. Let t = j + 13. What is the remainder when 21 is divided by t?
10
Let k be (-4 - -3)/((-10)/(-6) + -2). Suppose -k*s + 0*s = -450. Calculate the remainder when s is divided by 38.
36
Suppose -2*i = -3*w + 24, 4*i - 12 = 3*w - 36. What is the remainder when 222 is divided by w?
6
Let a(c) = c + 31. Suppose 5*j - 472 = -4*m, 5*j + 143 = 5*m - 4*m. Calculate the remainder when m is divided by a(0).
30
Suppose -4*i + 1489 = 5*r, 15*i + 1220 = 4*r + 11*i. Calculate the remainder when r is divided by 34.
29
Calculate the remainder when 3/(-4) + 0 + 1788/16 is divided by 29.
24
Let y = -397 - -482. What is the remainder when y is divided by 32?
21
Suppose 5*m + 3*b - 186 = 0, -141 = -0*m - 4*m - 5*b. Suppose 2*i = 2*w - 12, 3*i + w - 16 = -50. What is the remainder when (210/28)/((-1)/i) is divided by m?
36
Let h(y) = y**2 - 4. Let o be (4 - (0 + 4)) + 0. Suppose -4*i + 2*w = -o*i - 72, w = -4*i + 84. What is the remainder when h(-9) is divided by i?
17
Suppose -11 - 141 = -2*q + u, 0 = q - 5*u - 67. What is the remainder when q is divided by 21?
14
Suppose 8*p + 1105 = 2313. Calculate the remainder when p is divided by 12.
7
Let q(i) = 2*i**2 + 4*i - 2. Let u be 5*(1 + 36/(-20)). Calculate the remainder when 53 is divided by q(u).
11
Suppose 9*z + 4977 = -2*z + 90*z. Suppose d + 3 = -4*g, -4*d + 2*g = -g - 64. What is the remainder when z is divided by d?
11
Calculate the remainder when 969 is divided by 565/7 + (-136)/(-476).
78
Suppose 336 = 3*z + 210. What is the remainder when 122 is divided by z?
38
Let l be (-8)/(-12) - (-6234)/(-9). Calculate the remainder when 11/(-3) + 3 + l/(-12) is divided by 20.
17
Suppose -68 = -2*q - 14. Calculate the remainder when 159 is divided by q.
24
Let r(h) = h**3 + 8*h**2 + 7*h + 5. Let b = -19 - -12. Calculate the remainder when 13 is divided by r(b).
3
Let j(s) = s**2 - 5*s - 6. Let c be j(6). Suppose c*f = -2*f + 246. Calculate the remainder when f is divided by 31.
30
Let n(i) = -i**3 + 2*i**2 + 2*i - 2. Let r be n(2). Suppose -3*a = r*a - 70. What is the remainder when a is divided by 10?
4
Let r(c) = 10*c + 4. Let q be r(6). Let y = q - 32. Calculate the remainder when 159 is divided by y.
31
Let h be (-80)/15*(-9)/(-6). Suppose -5*p + 0*p + 60 = 0. What is the remainder when (-103)/(-3) + h/(-12) is divided by p?
11
Suppose 5*f + 730 = 5*s, -373*s - 294 = -375*s + f. What is the remainder when s is divided by 10?
8
Let y be 4 - (9 - 1) - 4. Let p(h) = -h**2 - 9*h - 2. Calculate the remainder when 17 is divided by p(y).
5
Suppose 4*g + u = 13, -g + 4*u = u. Suppose 87 = g*b - 30. What is the remainder when b is divided by 20?
19
Suppose 333 = 4*u + 3*v, -2*v - 29 = 3*u - 280. Let i = u + -73. What is the remainder when 27 is divided by i?
13
Suppose -79*j = -83*j + 156. What is the remainder when 155 is divided by j?
38
Let u(v) = 0*v**2 + 0*v**2 + 2 + v + v**2. Suppose 12 = o - 5*d - 20, -5*d = 3*o + 4. Calculate the remainder when o is divided by u(-2).
3
Let w(k) = 3*k**2 + 5*k - 38. Let p be w(4). Suppose 124 = 7*f - p. Calculate the remainder when f is divided by -10*-1*(-2)/(-4).
2
Let a(y) = -y**2 + y + 1. Let v(s) = -3*s**2 - 5*s - 10. Let j(g) = -4*a(g) + v(g). What is the remainder when 27 is divided by j(11)?
3
Suppose 0 = 3*t + 2*v + 9 - 33, -32 = -4*t - 5*v. Let n(m) = -12 - 2*m + 5 + t*m. What is the remainder when 45 is divided by n(5)?
22
What is the remainder when -6 - (2 - 5 - 77) is divided by 19?
17
Let v be (-1)/4 + 684/48. Suppose 5*r - 26 - v = 0. Calculate the remainder when 29 is divided by r.
5
What is the remainder when 79 is divided by (-318)/(-5) - ((-49)/35 + 1)?
15
Suppose -4*o - 16 = 0, 2*j - o = -2*j + 24. Let s(h) = h**3 - 6*h**2 + 9*h + 6. Let v = 35 - 21. Calculate the remainder when s(j) is divided by v.
12
Suppose 4*y = -3*h + 325, -h - 123 = -2*h - 5*y. Calculate the remainder when h is divided by 38.
27
Let i(g) = -g**3 - 8*g**2 - 14*g + 3. Let b be i(-8). Suppose 5*m = -4*w + b, -3*m + 2*m - w + 22 = 0. Calculate the remainder when m is divided by 14.
13
Let m = -76 - -83. Let q(w) = w**2 - 4*w - 6. Calculate the remainder when q(m) is divided by 5.
0
Let c(u) = 2*u - 7. Let d be c(5). Let x(p) = 3*p + 4*p - 12 - d*p. Calculate the remainder when 82 is divided by x(10).
26
Let v be ((-9)/3)/((-3)/3). Suppose -4*c - v*r = -61, -3*c + 3*r = 2*c - 56. Calculate the remainder when 87 is divided by c.
9
Suppose 22*x - 27*x + 145 = 0. Calculate the remainder when 172 is divided by x.
27
Suppose 5*b - 3*b = 5*t - 1486, 0 = 5*t + 5*b - 1465. Calculate the remainder when t is divided by 33.
32
Suppose 6*h = -6*h - 540. Let j = -26 - h. Suppose -2*m + 5*s = -14, -2 + 9 = m + s. What is the remainder when j is divided by m?
5
Calculate the remainder when (12/16)/((-9)/(-7596)) is divided by 211.
0
Let i(t) = t**2 + 16*t - 9. Let z be i(-16). Let s = z + 19. What is the remainder when 49 is divided by s?
9
Suppose -105 = 6*g - 21*g. Suppose 8*q - 31 = g*q. What is the remainder when q is divided by 12?
7
Suppose -2*m = -5*f + 31, 33*f + 2*m = 36*f - 17. What is the remainder when 158 is divided by f?
4
Let t = -32 + 126. Let u = 47 - 28. Calculate the remainder when t is divided by u.
18
Suppose -t = 4*t - 3*i - 978, -3*t = -2*i - 586. Suppose -7*a = -a - t. Calculate the remainder when 130 is divided by a.
31
Suppose -3*h + 75 = -4*q, 5*h - 2*q = -1208 + 1305. Let i = 82 - 32. Calculate the remainder when i is divided by h.
16
Suppose -a + 18 = -38. Suppose -6*t + a = -2*t. Calculate the remainder when 51 is divided by t.
9
Suppose -2*a = 5*u + 205, u + 82 = -u + 4*a. Let h = 52 + u. Calculate the remainder when h is divided by 5.
1
Let u(c) = -88*c - 15. What is the remainder when 290 is divided by u(-1)?
71
Let a = 70 - -29. Suppose -166 = -5*s + 4*m, 0*s - m - 33 = -s. Calculate the remainder when a is divided by s.
31
Suppose -9 = 3*p, z + 218 = -2*p + 5*p. Let t = z + 337. What is the remainder when t is divided by 37?
36
Let v(t) = -30*t + 274. Calculate the remainder when 47 is divided by v(8).
13
Let o be 1 + 1/(-1) - -10. Suppose -3*w = p - o, -w + 22 = p + 2*p. Let y = 771 - 758. Calculate the remainder when y is divided by p.
6
Let y = 276 + -215. What is the remainder when y is divided by 23?
15
Suppose 20 = 5*b, 2*l + 26*b - 25*b = 236. Calculate the remainder when l is divided by 17.
1